*k. What is the units digit of k?
4
Suppose 5*n - 44 = n. Suppose 0 = -2*d + 35 + n. Suppose -l - 5 = 4*y, 3*y + 52 = 4*l - d. What is the tens digit of l?
1
What is the tens digit of 4 - (2 - -3)*-5?
2
Suppose i = -2*i. Suppose i*y - 15 = -3*y. What is the units digit of y?
5
Suppose 0*h + 2*h - 596 = 0. What is the hundreds digit of h?
2
Let o(z) = -z - 7. Let j(l) = 2*l**2 + l. Let k be j(-2). Let g(u) = u**3 - 6*u**2 - 2*u + 2. Let i be g(k). What is the units digit of o(i)?
3
Suppose 0 = t - 0*t. Suppose 2*i = p + 9, 3*p + 13 = -i - t*i. Suppose -i*v + v = -1. What is the units digit of v?
1
Let z = 14 + 40. What is the tens digit of z?
5
What is the units digit of 4/14 + (150/(-35) - -5)?
1
Let b be (-2 + 0)/(-2) + 3. Suppose b*m - 4*l - 8 = 0, -2*m = 2*m + 2*l - 26. What is the units digit of m?
5
Suppose -867 = -3*l + 2*g, 3*l + 0*l - 4*g = 873. What is the hundreds digit of l?
2
Suppose -2*l = -l - 5, 5*k - 4*l + 15 = 0. What is the units digit of (k/(-2))/(2/(-20))?
5
Let k = 2 + 11. What is the tens digit of k?
1
Suppose 0 = 4*d - 8*d + 192. What is the units digit of d?
8
Let z(n) = -n**2 + 26*n - 41. What is the tens digit of z(17)?
1
Suppose -2*c + 3*m + 7 = 0, -3*c + 5*c = -3*m + 13. Suppose 3*k - 23 = -2*y, 3*k + k = -c*y + 19. What is the tens digit of k?
1
Suppose s - q = 3*s - 31, 0 = s - 5*q + 12. Let j = s - 12. What is the units digit of j?
1
Let b = -62 + 78. What is the tens digit of b?
1
Let v = -270 - -425. What is the hundreds digit of v?
1
Let a(u) = u - 1. Let h be a(3). Let c = 5 - h. What is the units digit of c?
3
Let c = 4 - -1. Suppose c*g - 13 = 7. Suppose -3 - 29 = -g*i. What is the units digit of i?
8
Suppose -v + 49 - 2 = 0. What is the tens digit of v?
4
Let i = -74 - -135. What is the units digit of i?
1
Let j(z) = 3*z**2 + z - 1. Let o be -1 + 1 - (-12)/(-2). Let p be ((-2)/o)/(2/6). What is the units digit of j(p)?
3
Let r = 19 + -12. Let c = r - -4. What is the units digit of c?
1
Let p = 24 - 27. Let z(c) = -c - 1 - 4*c + 0*c. What is the tens digit of z(p)?
1
Let d = -19 - -19. Suppose 5*v - 36 - 29 = d. What is the units digit of v?
3
Suppose -5*q + 0*q = 25. Let k = q - -16. What is the units digit of k?
1
What is the units digit of 81 - (3 + -6 + -1)?
5
Let a(s) = -19*s - 6. What is the tens digit of a(-2)?
3
Let s = -8 + 12. Suppose 4*x - 2*y - 48 = 0, 0*y - 4*y + 36 = s*x. What is the units digit of x?
1
Suppose g + 4*k + 18 = 0, -g + k + 2*k = -17. Suppose -6 = -g*j + 14. What is the tens digit of j?
1
What is the units digit of (-3)/(-5) - (-7616)/40?
1
Suppose -5*y + 3*y + 6 = 0, 10 = -5*g + 5*y. Let u(z) = z**3 + 5*z**2 + 5*z + 3. Let c be u(-4). Let i = g - c. What is the units digit of i?
2
What is the tens digit of ((-828)/10)/((-6)/15)?
0
Let b(y) = -2*y**2 - 7*y - 2. Let s be b(-5). Suppose -6*t + 2*t + 100 = 0. Let d = s + t. What is the units digit of d?
8
Let y(w) = 0 + 5 + 3 - w. Suppose -39 = -5*k + 2*d, -k + 0*d + 5 = d. What is the units digit of y(k)?
1
What is the hundreds digit of ((-55)/25 - -2) + 1002/10?
1
Suppose 3*k + 4*b = 5 + 4, 5*k - 5*b = -20. Let u be 11 + -6*k/2. Suppose -2*o = -0*o - u. What is the units digit of o?
7
Suppose -7 = b + z, 2*z = 3*b - z - 3. Let r(c) = c + 6. Let o be r(b). Suppose o = a - 5. What is the units digit of a?
8
Let c(m) = -4*m**3 - 22*m**2 - 8*m - 12. What is the tens digit of c(-6)?
0
Suppose -x = -88 - 49. What is the hundreds digit of x?
1
Let n be (-56)/(-16) - 1/2. What is the units digit of 17/n + 2/6?
6
Suppose 0 = 2*u + u + 4*d - 165, -2*u - d = -105. What is the units digit of u?
1
Suppose 26 = 3*s + 8. Let r = -9 - -6. What is the units digit of (r/s)/((-2)/20)?
5
Let b = 4 - 0. Suppose -n + 5*n - 4*v = -b, -4*n + 2*v + 6 = 0. Suppose n*f - 18 = f. What is the units digit of f?
6
Let v(y) = -27*y**2 + 3*y + 1. Let o(j) = -107*j**2 + 13*j + 4. Let c(i) = 2*o(i) - 9*v(i). What is the units digit of c(-1)?
9
Let t(u) = u**2 + 9*u - 6. Let y be t(-10). Suppose -14 = -y*h - 2*d, -d + 3 = 3*h - 2*h. What is the units digit of h?
4
Let d(l) = -l + 10. Let h be d(8). Let c = h - 2. Suppose c = 3*s + z - 22, -3*z = -3*s - 0*z + 6. What is the units digit of s?
6
Let y = 3 - 1. Let d be -2 - 45/(-1 - y). Suppose 3*l - 34 = -d. What is the units digit of l?
7
Let m(w) = 4*w + 19. Let o(k) = 4*k + 18. Let t(g) = 4*m(g) - 5*o(g). What is the units digit of t(-14)?
2
Let r(o) = 3*o**2 + 2. Let i(t) = t**2 - 9*t - 3. Let f be i(9). What is the tens digit of r(f)?
2
Let s(m) = m**2 - 6*m + 2. What is the tens digit of s(-10)?
6
Suppose l - 4*x = -4*l + 37, -4*x = -4*l + 28. What is the units digit of l?
9
Let v(o) = -o**3 - 11*o**2 + 9*o + 15. Let t be v(-12). Let j = t - 31. What is the tens digit of j?
2
Let x(l) = -3*l + 62. What is the units digit of x(-11)?
5
Let h = 20 - 10. Let v = h + -6. What is the units digit of v?
4
Let m(t) = 2*t + 12. What is the tens digit of m(5)?
2
Suppose -13*a = -6*a - 1841. What is the tens digit of a?
6
Suppose -2*y + 220 = 3*y. What is the units digit of y?
4
Let j = 9 - 15. What is the tens digit of ((-33)/j)/((-3)/(-6))?
1
Suppose -2*v = -p - 2, 3*v + 5*p = v - 22. Suppose 2*x + 1 = -u + 4, 5*x = 5*u - 30. What is the units digit of (-2 + (x - 0))*v?
3
Suppose 0*p = 3*g - p - 185, -260 = -4*g + 4*p. What is the units digit of g?
0
Suppose 0 = -2*a + 1 + 7. Let c be 2/a - 87/(-6). What is the units digit of c/10*(-4)/(-6)?
1
Let o be 2 - 3/(-6)*2. Suppose -2*q = -2*i + 12, i - 2*i + o*q = -8. What is the units digit of i?
5
Suppose 85 = f - 107. What is the hundreds digit of f?
1
Let o be 4 + -2 + 4 + -3. Let u(v) = v - 5. Let h be u(6). What is the units digit of (o - 2/h)*1?
1
Let w(r) = -2*r**2 + 6*r + 9. Let t be w(7). Let y = 32 + t. What is the units digit of -1 - (-5)/(y/(-48))?
5
Let l(c) = -c**3 - 3*c - 6. Let g be l(-4). Suppose -4*d - 14 + g = 0. Suppose 2*a = 4*a - d. What is the units digit of a?
7
Suppose 4*d - 3*n - 134 = -2*n, 5*n = 10. What is the tens digit of d?
3
Let d = -11 + 24. What is the tens digit of d?
1
Suppose 6*b = 716 + 232. What is the units digit of b?
8
Suppose -3*f + 219 + 552 = 0. What is the tens digit of f?
5
Suppose t = -2*t + 3*s + 96, 3*s = 9. What is the units digit of t?
5
Suppose -s = 5*x - 0*s - 335, 3*s = 0. What is the units digit of x?
7
Let o = 283 + -116. What is the units digit of o?
7
Let q be (-2 + 34)*4/(-8). What is the tens digit of (-4)/((6/q)/3)?
3
Suppose -4*g - 2*x + 36 = 0, 3*x + 20 = 3*g + x. Suppose g = 2*f - 2. Suppose -5*m + 20 = f. What is the units digit of m?
3
Suppose 3*t = -t + 28. Let u(i) = i**2 + i. Let m(y) = 4*y**2 + 13*y - 3. Let q(o) = m(o) - 5*u(o). What is the units digit of q(t)?
4
Suppose -8*n + 10 = -3*n. Let o = 0 + n. Suppose -o*x - 36 = -4*q, -2*x = -5*q - 3*x + 45. What is the units digit of q?
9
Suppose -6*y = -274 - 500. What is the hundreds digit of y?
1
Suppose -c - 2*l = -5, 0 = -3*c - c + 2*l + 40. Suppose -8 = 2*o + 4*w, -2*o + 5*w - 19 = -2. Let d = o + c. What is the units digit of d?
3
Let w be 3 + 0 - 1 - -2. Let u = 2 + w. What is the units digit of u?
6
Suppose 0*p - 2*p = -3*n - 22, 2*p - 4*n - 26 = 0. Suppose 0 = p*o + c - 4*c - 170, -o + 34 = 3*c. What is the units digit of o?
4
Suppose -2*v - i + 70 = 0, 3*v - 2*i - 157 = -2*v. What is the units digit of v?
3
Let a(p) = -10*p**3 + p + 1. Suppose 2*r = 4*r - 6. Suppose -3*v = 0, 5*j + 3*v = -2 - r. What is the units digit of a(j)?
0
Let p be 10/35 + 52/14. Suppose 20 = p*a - 0. What is the units digit of a?
5
Let d be (2/(-1) + -84)/(-2). Suppose 3*q + f - d + 14 = 0, -2*q = 3*f - 24. What is the units digit of q?
9
Let m(p) = 2*p - 10. Suppose 2 = -3*n - 1. Let y = n + 8. What is the units digit of m(y)?
4
Let q be 222/(-15) + 4/5. What is the tens digit of (100/6)/(q/(-21))?
2
Let h(g) = g**3 + g**2 - g + 1. Let p be 4/(-6) - 16/(-6). What is the tens digit of h(p)?
1
Let g = 12 + -2. What is the units digit of g?
0
Let r(v) be the second derivative of v**3 + 3*v - 7/12*v**4 - 1/20*v**5 - 11/2*v**2 + 0. What is the units digit of r(-8)?
5
What is the tens digit of (0 - 3/(-3))*39?
3
Let x(y) = -y**2 + 5*y - 4. Let q be x(3). What is the units digit of 8/q + (-15)/5?
1
Let l be (-1)/((-2)/4*2). Let x = 5 + l. What is the units digit of x?
6
Let t(